281.
280
What is the remainder when 328519 is divided by 33?
4
What is the remainder when 101591 is divided by 50744?
103
What is the remainder when 10299168 is divided by 5066?
5056
Calculate the remainder when 17635932 is divided by 15.
12
What is the remainder when 20021194 is divided by 6673731?
1
What is the remainder when 39491705 is divided by 186?
185
Calculate the remainder when 48731 is divided by 48677.
54
Calculate the remainder when 1322400 is divided by 15027.
24
Calculate the remainder when 101187 is divided by 33360.
1107
What is the remainder when 19463840 is divided by 132?
44
What is the remainder when 4260257 is divided by 1896?
1841
Calculate the remainder when 23688420 is divided by 2961051.
12
What is the remainder when 218176581 is divided by 160542?
3
Calculate the remainder when 27661933 is divided by 47.
36
What is the remainder when 2981339 is divided by 745328?
27
What is the remainder when 196547 is divided by 24566?
19
Calculate the remainder when 205045 is divided by 17.
8
What is the remainder when 39077657 is divided by 9?
8
What is the remainder when 209080 is divided by 208682?
398
Calculate the remainder when 351195 is divided by 1626.
1605
Calculate the remainder when 4717007 is divided by 1331.
1274
What is the remainder when 3136 is divided by 197?
181
Calculate the remainder when 529071 is divided by 21150.
321
Calculate the remainder when 12209076 is divided by 155.
36
What is the remainder when 151518 is divided by 21555?
633
What is the remainder when 149827 is divided by 278?
263
What is the remainder when 4700461 is divided by 92165?
46
What is the remainder when 108701 is divided by 54293?
115
What is the remainder when 1549291 is divided by 348?
343
What is the remainder when 18343787 is divided by 591733?
64
Calculate the remainder when 21874848 is divided by 64149.
39
Calculate the remainder when 2761313 is divided by 1380656.
1
What is the remainder when 205347538 is divided by 4380?
4378
Calculate the remainder when 40789 is divided by 4555.
4349
What is the remainder when 15901977 is divided by 8134?
7
Calculate the remainder when 74373807 is divided by 4267.
4264
Calculate the remainder when 409527 is divided by 1835.
322
Calculate the remainder when 6453436 is divided by 75.
61
Calculate the remainder when 103047 is divided by 3128.
2951
What is the remainder when 2689398 is divided by 850?
848
Calculate the remainder when 3564996 is divided by 20.
16
Calculate the remainder when 89318 is divided by 135.
83
What is the remainder when 32216448 is divided by 830?
828
What is the remainder when 1767041 is divided by 12271?
17
Calculate the remainder when 192114 is divided by 14759.
247
Calculate the remainder when 41277 is divided by 17830.
5617
Calculate the remainder when 909027 is divided by 227255.
7
What is the remainder when 2633498 is divided by 877821?
35
Calculate the remainder when 2116616 is divided by 413.
404
What is the remainder when 1288580 is divided by 1281?
1175
Calculate the remainder when 458955 is divided by 114721.
71
Calculate the remainder when 4149478 is divided by 75.
28
What is the remainder when 2432886 is divided by 19?
12
Calculate the remainder when 44306 is divided by 3937.
999
What is the remainder when 7332078 is divided by 5?
3
What is the remainder when 2799687 is divided by 129?
0
Calculate the remainder when 10715893 is divided by 217.
216
What is the remainder when 114729 is divided by 4781?
4766
Calculate the remainder when 27577399 is divided by 1700.
1699
What is the remainder when 422956 is divided by 6?
4
Calculate the remainder when 169760 is divided by 931.
318
What is the remainder when 4714453 is divided by 6?
1
What is the remainder when 1267086 is divided by 74450?
1436
Calculate the remainder when 6619577 is divided by 6619536.
41
Calculate the remainder when 67963 is divided by 16794.
787
Calculate the remainder when 5137485 is divided by 119476.
17
What is the remainder when 27620080 is divided by 68?
44
Calculate the remainder when 1338380 is divided by 612.
548
What is the remainder when 18121 is divided by 17159?
962
Calculate the remainder when 2345583 is divided by 55.
53
Calculate the remainder when 3605883 is divided by 12.
3
What is the remainder when 199852896 is divided by 22?
12
What is the remainder when 269464 is divided by 11?
8
What is the remainder when 7892935 is divided by 165?
160
What is the remainder when 14748090 is divided by 122?
120
Calculate the remainder when 332147 is divided by 47437.
88
What is the remainder when 1016641 is divided by 106?
101
What is the remainder when 2265904 is divided by 68?
8
Calculate the remainder when 271778 is divided by 6968.
26
What is the remainder when 4288866 is divided by 1429274?
1044
Calculate the remainder when 57761 is divided by 19074.
539
What is the remainder when 38095140 is divided by 463?
426
Calculate the remainder when 20736246 is divided by 1565.
1561
What is the remainder when 467268 is divided by 24566?
514
Calculate the remainder when 9853591 is divided by 590.
1
Calculate the remainder when 20069438 is divided by 236.
234
Calculate the remainder when 16243199 is divided by 13.
11
Calculate the remainder when 134829 is divided by 133980.
849
Calculate the remainder when 5013909 is divided by 20136.
45
What is the remainder when 264418 is divided by 16451?
1202
Calculate the remainder when 133503285 is divided by 3337582.
5
What is the remainder when 89863 is divided by 1473?
10
Calculate the remainder when 13638348 is divided by 4546098.
54
Calculate the remainder when 8289 is divided by 1022.
113
Calculate the remainder when 301026 is divided by 194.
132
What is the remainder when 1235738 is divided by 54?
2
Calculate the remainder when 312756 is divided by 4404.
72
Calculate the remainder when 100192 is divided by 11123.
85
What is the remainder when 12535655 is divided by 4178506?
137
What is the remainder when 476455 is divided by 11080?
15
Calculate the remainder when 22261238 is divided by 115.
113
Calculate the remainder when 5311082 is divided by 203.
196
Calculate the remainder when 11154772 is divided by 697173.
4
Calculate the remainder when 5178915 is divided by 393.
354
What is the remainder when 181333 is divided by 157?
155
Calculate the remainder when 6320597 is divided by 902935.
52
Calculate the remainder when 316876 is divided by 105581.
133
Calculate the remainder when 340856 is divided by 20.
16
What is the remainder when 16899807 is divided by 16899804?
3
What is the remainder when 314486 is divided by 157?
15
Calculate the remainder when 44440861 is divided by 416.
413
Calculate the remainder when 2685910 is divided by 2354.
2350
Calculate the remainder when 326880 is divided by 733.
695
Calculate the remainder when 1552405 is divided by 4945.
4620
What is the remainder when 100309 is divided by 1759?
46
What is the remainder when 1975667 is divided by 26342?
17
What is the remainder when 29689074 is divided by 16?
2
What is the remainder when 74365 is divided by 22681?
6322
Calculate the remainder when 4404606 is divided by 64773.
42
Calculate the remainder when 1935204 is divided by 365.
339
What is the remainder when 836455 is divided by 1277?
20
Calculate the remainder when 274324309 is divided by 13.
12
What is the remainder when 12691880 is divided by 19172?
16
Calculate the remainder when 1752981 is divided by 33.
21
Calculate the remainder when 43940 is divided by 312.
260
Calculate the remainder when 369940932 is divided by 637.
634
What is the remainder when 20712028 is divided by 93?
91
Calculate the remainder when 961311 is divided by 809.
219
Calculate the remainder when 18678933 is divided by 4669682.
205
What is the remainder when 414906 is divided by 138139?
489
Calculate the remainder when 697791 is divided by 73.
57
Calculate the remainder when 2335162 is divided by 2335160.
2
What is the remainder when 570584 is divided by 222?
44
Calculate the remainder when 12419345 is divided by 2557.
2553
Calculate the remainder when 198211 is divided by 39641.
6
Calculate the remainder when 7540894 is divided by 45.
19
What is the remainder when 153629 is divided by 76695?
239
Calculate the remainder when 15442 is divided by 107